{"id":2711,"date":"2025-06-14T12:13:11","date_gmt":"2025-06-14T11:13:11","guid":{"rendered":"https:\/\/neguj.se\/trgovina\/?post_type=product&#038;p=2711"},"modified":"2025-06-14T13:41:03","modified_gmt":"2025-06-14T12:41:03","slug":"skeyndor-sun-matt-protective-cream-spf-50","status":"publish","type":"product","link":"https:\/\/neguj.se\/trgovina\/izdelek\/skeyndor-sun-matt-protective-cream-spf-50\/","title":{"rendered":"Skeyndor Sun Matt Protective Cream SPF\u202f50+"},"content":{"rendered":"<h2>Skeyndor Sun Matt Protective Cream SPF\u202f50+ Za normalno do mastno ko\u017eo<\/h2>\n<h3 data-start=\"109\" data-end=\"175\"><strong data-start=\"109\" data-end=\"175\">Visoko u\u010dinkovita za\u0161\u010dita + tehnologija za optimalen vitamin D<\/strong><\/h3>\n<p>&nbsp;<\/p>\n<div>\n<h3 data-start=\"204\" data-end=\"225\">\ud83e\uddf4 Opis izdelka<\/h3>\n<p data-start=\"226\" data-end=\"302\"><span class=\"relative -mx-px my-[-0.2rem] rounded px-px py-[0.2rem] transition-colors duration-100 ease-in-out\">Izjemno lahka <strong data-start=\"14\" data-end=\"28\">matt krema<\/strong> z zelo visoko za\u0161\u010dito <strong data-start=\"51\" data-end=\"62\">SPF\u202f50+<\/strong>, zasnovana za dnevno uporabo pri <strong data-start=\"96\" data-end=\"133\">kombiniranem in mastnem tipu ko\u017ee<\/strong>. Nudi celostno za\u0161\u010dito pred UVA, UVB \u017earki ter <strong data-start=\"181\" data-end=\"217\">HEVis-modro svetlobo in IR \u017earki<\/strong>, hkrati pa ohranja mat u\u010dinek brez bele sledi ali mastnosti.<\/span><\/p>\n<hr data-start=\"304\" data-end=\"307\" \/>\n<h3 data-start=\"309\" data-end=\"335\"><\/h3>\n<h3 data-start=\"309\" data-end=\"335\">\ud83c\udf1f Klju\u010dne prednosti<\/h3>\n<ul data-start=\"336\" data-end=\"725\">\n<li data-start=\"336\" data-end=\"415\">\n<p data-start=\"338\" data-end=\"415\"><span class=\"relative -mx-px my-[-0.2rem] rounded px-px py-[0.2rem] transition-colors duration-100 ease-in-out\"><strong data-start=\"0\" data-end=\"31\" data-is-only-node=\"\">Zelo visoka za\u0161\u010dita SPF\u202f50+<\/strong> za vsakodnevno uporabo<\/span><\/p>\n<\/li>\n<li data-start=\"416\" data-end=\"495\">\n<p data-start=\"418\" data-end=\"495\"><span class=\"relative -mx-px my-[-0.2rem] rounded px-px py-[0.2rem] transition-colors duration-100 ease-in-out\">Matiran zaklju\u010dek, brez sijaja \u2013 idealen za mastno ko\u017eo<\/span><\/p>\n<\/li>\n<li data-start=\"496\" data-end=\"575\">\n<p data-start=\"498\" data-end=\"575\"><span class=\"relative -mx-px my-[-0.2rem] rounded px-px py-[0.2rem] transition-colors duration-100 ease-in-out\"><strong data-start=\"0\" data-end=\"23\" data-is-only-node=\"\">D+\u202fTECH tehnologija<\/strong> za aktivacijo receptorjev vitamina\u202fD (VDR), brez da bi ovirala naravno tvorbo vitamina\u202fD<\/span><\/p>\n<\/li>\n<li data-start=\"576\" data-end=\"657\">\n<p data-start=\"578\" data-end=\"657\"><span class=\"relative -mx-px my-[-0.2rem] rounded px-px py-[0.2rem] transition-colors duration-100 ease-in-out\">\u0160\u010diti pred modro svetlobo (HEVis) in IR \u017earki, ter pred onesna\u017eenjem<\/span><\/p>\n<\/li>\n<li data-start=\"658\" data-end=\"725\">\n<p data-start=\"660\" data-end=\"725\">Dermatolo\u0161ko in oftalmolo\u0161ko testirana \u2013 ne dra\u017ei o\u010di ali sluznic<\/p>\n<\/li>\n<\/ul>\n<hr data-start=\"727\" data-end=\"730\" \/>\n<h3 data-start=\"732\" data-end=\"758\"><\/h3>\n<h3 data-start=\"732\" data-end=\"758\">\ud83c\udf3f Aktivne sestavine<\/h3>\n<ul data-start=\"759\" data-end=\"1079\">\n<li data-start=\"759\" data-end=\"818\">\n<p data-start=\"761\" data-end=\"818\"><strong data-start=\"761\" data-end=\"791\">Fizikalni &amp; kemi\u010dni filtri<\/strong> za za\u0161\u010dito pred UV \u017earki<\/p>\n<\/li>\n<li data-start=\"819\" data-end=\"901\">\n<p data-start=\"821\" data-end=\"901\"><strong data-start=\"821\" data-end=\"841\">D+ TECH kompleks<\/strong> (FOS iz pese in cikorije) \u2013 ohranja receptorje vitamina D<\/p>\n<\/li>\n<li data-start=\"902\" data-end=\"952\">\n<p data-start=\"904\" data-end=\"952\"><strong data-start=\"904\" data-end=\"923\">Crambe maritima<\/strong> \u2013 hrani in regenerira ko\u017eo<\/p>\n<\/li>\n<li data-start=\"953\" data-end=\"1009\">\n<p data-start=\"955\" data-end=\"1009\"><strong data-start=\"955\" data-end=\"978\">Biosaharidna guma\u20114<\/strong> \u2013 \u0161\u010diti pred mestnim vplivom<\/p>\n<\/li>\n<li data-start=\"1010\" data-end=\"1079\">\n<p data-start=\"1012\" data-end=\"1079\"><strong data-start=\"1012\" data-end=\"1024\">Karnozin<\/strong> \u2013 deluje kot filter proti modri in infrarde\u010di svetlobi<\/p>\n<\/li>\n<\/ul>\n<hr data-start=\"1081\" data-end=\"1084\" \/>\n<h3 data-start=\"1086\" data-end=\"1114\"><\/h3>\n<h3 data-start=\"1086\" data-end=\"1114\">\ud83d\udccb Navodila za uporabo<\/h3>\n<ol data-start=\"1115\" data-end=\"1307\">\n<li data-start=\"1115\" data-end=\"1162\">\n<p data-start=\"1118\" data-end=\"1162\">Nanesite 30\u202fmin pred izpostavitvijo soncu.<\/p>\n<\/li>\n<li data-start=\"1163\" data-end=\"1227\">\n<p data-start=\"1166\" data-end=\"1227\">Uporabite kot zadnji korak nege pred dekorativno kozmetiko.<\/p>\n<\/li>\n<li data-start=\"1228\" data-end=\"1307\">\n<p data-start=\"1231\" data-end=\"1307\">Obnovite nanos vsakih 2 uri ali ob potrebi (po plavanju, potenju, brisanju).<\/p>\n<\/li>\n<\/ol>\n<hr data-start=\"1309\" data-end=\"1312\" \/>\n<h3 data-start=\"1314\" data-end=\"1339\"><\/h3>\n<h3 data-start=\"1314\" data-end=\"1339\">\ud83d\udcac Kaj povedo stranke:<\/h3>\n<ul data-start=\"1340\" data-end=\"1462\">\n<li data-start=\"1340\" data-end=\"1401\">\n<p data-start=\"1342\" data-end=\"1401\"><em data-start=\"1342\" data-end=\"1399\">\u201cOdli\u010dno se zlije z mojo ko\u017eo, ne svetlika se \u010dez dan.\u201d<\/em><\/p>\n<\/li>\n<li data-start=\"1402\" data-end=\"1462\">\n<p data-start=\"1404\" data-end=\"1462\"><em data-start=\"1404\" data-end=\"1462\">\u201cKon\u010dni mat rezultat + u\u010dinkovita za\u0161\u010dita \u2013 ravno prav!\u201d<\/em><\/p>\n<\/li>\n<\/ul>\n<hr data-start=\"1464\" data-end=\"1467\" \/>\n<h3 data-start=\"1469\" data-end=\"1491\"><\/h3>\n<h3 data-start=\"1469\" data-end=\"1491\">\ud83d\uded2 Zakaj kupiti?<\/h3>\n<p data-start=\"1492\" data-end=\"1613\"><strong data-start=\"1492\" data-end=\"1529\">Sun Matt Protective Cream SPF\u202f50+<\/strong> je idealna vsakodnevna za\u0161\u010dita za tiste, ki imate mastno ali me\u0161ano ko\u017eo in \u017eelite:<\/p>\n<ul data-start=\"1615\" data-end=\"1749\">\n<li data-start=\"1615\" data-end=\"1640\">\n<p data-start=\"1617\" data-end=\"1640\">Mat videz brez sijaja<\/p>\n<\/li>\n<li data-start=\"1641\" data-end=\"1688\">\n<p data-start=\"1643\" data-end=\"1688\">Celovito za\u0161\u010dito (UV, modra in IR svetloba)<\/p>\n<\/li>\n<li data-start=\"1689\" data-end=\"1718\">\n<p data-start=\"1691\" data-end=\"1718\">Podporo tvorbi vitamina\u202fD<\/p>\n<\/li>\n<li data-start=\"1719\" data-end=\"1749\">\n<p data-start=\"1721\" data-end=\"1749\">Dermatolo\u0161ko preverjeno nego<\/p>\n<\/li>\n<\/ul>\n<p data-start=\"1751\" data-end=\"1826\">\ud83d\udc49 <strong data-start=\"1754\" data-end=\"1781\">Dodajte v ko\u0161arico zdaj<\/strong> \u2013 sve\u017ea, lahka, mat za\u0161\u010dita za poletje 2025!<\/p>\n<p data-start=\"1751\" data-end=\"1826\">\n<\/div>\n<div class=\"short-description\">\n<div class=\"short-description\">\n<p><b>Sestavine:<\/b><\/p>\n<p>AQUA [WATER], DIISOPROPYL SEBA- CATE, DIETHYLAMINO HYDROXYBENZOYL HEXYL BEN- ZOATE, DIBUTYL ADIPATE, ETHYLHEXYL SALICYLATE, DICAPRYLYL CARBONATE, BIS-ETHYLHEXYLOXYPHE- NOL METHOXYPHENYL TRIAZINE, PHENYLBENZIMI- DAZOLE SULFONIC ACID, ETHYLHEXYL TRIAZONE, POLYGLYCERYL-6 DISTEARATE, TITANIUM DIOXIDE, HYDROGENATED DIMER DILINOLEYL\/DIMETHYLCAR- BONATE COPOLYMER, TROMETHAMINE, CANDELI- LLA\/JOJOBA\/RICE BRAN POLYGLYCERYL-3 ESTERS, CETYL ALCOHOL, ALCOHOL DENAT, BETA VULGARIS ROOT EXTRACT, LENS ESCULENTA SEED EXTRACT, CRAMBE MARITIMA EXTRACT, CICHORIUM INTYBUS ROOT EXTRACT, SIMMONDSIA CHINENSIS SEED OIL, FRUCTOOLIGOSACCHARIDES, ALLANTOIN, BIOSAC- CHARIDE GUM-4, POTASSIUM LACTATE, CARNOSINE SUCROSE STEARATE, LACTIC ACID, ALPHA-GLUCAN OLIGOSACCHARIDE, ETHYLHEXYLGLYCERIN, A- PRYLIC\/CAPRIC TRIGLYCERIDE, POTASSIUM CETYL PHOSPHATE, CALCIUM STARCH OCTENYLSUCCINATE POLYGLYCERYL-2 CAPRATE, BISABOLOL, ACRYLA- TES\/C10-30 ALKYL ACRYLATE ROSSPOLYMER, XANTHAN GUM, ALUMINA, STEARIC ACID, GLYCERYL CAPRYLATE, PEG-8, SQUALANE, TOCOPHEROL, PRO- PANEDIOL, ASCORBYL PALMITATE, ALGIN, ASCORBIC ACID, CITRIC ACID, O-CYMEN-5-OL, CHLORPHENE- SIN, PHENOXYETHANOL, PARFUM [FRAGRANCE].<\/p>\n<\/div>\n<\/div>\n","protected":false},"excerpt":{"rendered":"<p>Skeyndor Sun Matt Protective Cream SPF\u202f50+ Za normalno do mastno ko\u017eo Visoko u\u010dinkovita za\u0161\u010dita + tehnologija za optimalen vitamin D&#8230;<\/p>\n","protected":false},"featured_media":2713,"comment_status":"closed","ping_status":"closed","template":"","meta":[],"product_brand":[],"product_cat":[34,400],"product_tag":[],"class_list":{"0":"post-2711","1":"product","2":"type-product","3":"status-publish","4":"has-post-thumbnail","6":"product_cat-negovalna-kozmetika","7":"product_cat-skeyndor","9":"first","10":"instock","11":"taxable","12":"shipping-taxable","13":"purchasable","14":"product-type-variable","15":"has-default-attributes"},"_links":{"self":[{"href":"https:\/\/neguj.se\/trgovina\/wp-json\/wp\/v2\/product\/2711"}],"collection":[{"href":"https:\/\/neguj.se\/trgovina\/wp-json\/wp\/v2\/product"}],"about":[{"href":"https:\/\/neguj.se\/trgovina\/wp-json\/wp\/v2\/types\/product"}],"replies":[{"embeddable":true,"href":"https:\/\/neguj.se\/trgovina\/wp-json\/wp\/v2\/comments?post=2711"}],"wp:featuredmedia":[{"embeddable":true,"href":"https:\/\/neguj.se\/trgovina\/wp-json\/wp\/v2\/media\/2713"}],"wp:attachment":[{"href":"https:\/\/neguj.se\/trgovina\/wp-json\/wp\/v2\/media?parent=2711"}],"wp:term":[{"taxonomy":"product_brand","embeddable":true,"href":"https:\/\/neguj.se\/trgovina\/wp-json\/wp\/v2\/product_brand?post=2711"},{"taxonomy":"product_cat","embeddable":true,"href":"https:\/\/neguj.se\/trgovina\/wp-json\/wp\/v2\/product_cat?post=2711"},{"taxonomy":"product_tag","embeddable":true,"href":"https:\/\/neguj.se\/trgovina\/wp-json\/wp\/v2\/product_tag?post=2711"}],"curies":[{"name":"wp","href":"https:\/\/api.w.org\/{rel}","templated":true}]}}