{"id":2536,"date":"2024-09-18T19:06:36","date_gmt":"2024-09-18T18:06:36","guid":{"rendered":"https:\/\/neguj.se\/trgovina\/?post_type=product&#038;p=2536"},"modified":"2024-10-10T12:14:26","modified_gmt":"2024-10-10T11:14:26","slug":"hialuronski-serum-za-spodbujanje-rasti-trepalnic-in-obrvi","status":"publish","type":"product","link":"https:\/\/neguj.se\/trgovina\/izdelek\/hialuronski-serum-za-spodbujanje-rasti-trepalnic-in-obrvi\/","title":{"rendered":"Hialuronski serum za spodbujanje rasti trepalnic in obrvi"},"content":{"rendered":"<h2>HYA4 Long Lashes<\/h2>\n<h3>Hialuronski serum za spodbujanje rasti trepalnic in obrvi<\/h3>\n<p><b>Opis:<\/b><\/p>\n<p><span data-sheets-value=\"{&quot;1&quot;:2,&quot;2&quot;:&quot;Hialuronski gel HYA 4 LONG LASHES pospe\u0161uje rast trepalnic in obrvi. Pri tem izdelku gre za inovativno in izjemno u\u010dinkovito kombinacijo aktivnih sestavin iz 4-kratnih hialuronskih gelov.\\n Rezultati uporabe so vidni po \u0161tirih tednih.&quot;}\" data-sheets-formula=\"=VLOOKUP(R[0]C2,opis!R2C1:R63C7,5,false)\"><strong>Hialuronski gel HYA 4 LONG LASHES<\/strong> pospe\u0161uje rast trepalnic in obrvi. Pri tem izdelku gre za inovativno in izjemno u\u010dinkovito kombinacijo aktivnih sestavin iz 4-kratnih hialuronskih gelov.<br \/>\nRezultati uporabe so vidni po 28 dneh.<\/span><\/p>\n<p><b>Uporaba:<\/b><\/p>\n<p><span data-sheets-value=\"{&quot;1&quot;:2,&quot;2&quot;:&quot;Nanesite dvakrat dnevno na o\u010di\u0161\u010den in suh \u017eeljeni predel. Izdelek je primeren tako za uporabo na trepalnicah (nama\u017eite ob veki) kot na obrveh (nama\u017eite po obrveh). Trepalnice bodo vidno gostej\u0161e in dalj\u0161e v 4 do 8 tednih. \\n Uporaba je mogo\u010da tudi v kombinaciji z maskaro ali podalj\u0161animi trepalnicami.&quot;}\" data-sheets-formula=\"=VLOOKUP(R[0]C2,opis!R2C1:R63C7,6,false)\">Nanesite dvakrat dnevno na o\u010di\u0161\u010den in suh \u017eeljeni predel, ki mu \u017eelite ponuditi rast. Izdelek je primeren tako za uporabo na trepalnicah (nama\u017eite ob veki) kot na obrveh (nama\u017eite po obrveh). Trepalnice bodo vidno gostej\u0161e in dalj\u0161e v 4 do 8 tednih.<br \/>\nUporaba je mogo\u010da tudi v kombinaciji z maskaro ali podalj\u0161animi trepalnicami.<\/span><\/p>\n<p><b>Sestavine:<\/b><\/p>\n<p><span data-sheets-value=\"{&quot;1&quot;:2,&quot;2&quot;:&quot;AQUA, GLYCERIN, BUTYLENE GLYCOL, NIACINAMIDE, ARGININE, CITRIC ACID, SODIUM HYALURONATE, CAFFEINE, XANTHAN GUM, 1,2-HEXANEDIOL, CAPRYLYL GLYCOL, DEXTRAN, UBIQUINONE, PANTHENOL, CAPRYLIC\/CAPRIC TRIGLYCERIDE, LECITHIN, MYRISTOYL PENTAPEPTIDE-17, BIOTIN, ACETYL TETRAPEPTIDE-3, TRIFOLIUM PRATENSE FLOWER EXTRACT, BIOTINOYL TRIPEPTIDE-1, TROPOLONE&quot;}\" data-sheets-formula=\"=VLOOKUP(R[0]C2,opis!R2C1:R63C7,7,false)\">AQUA, GLYCERIN, BUTYLENE GLYCOL, NIACINAMIDE, ARGININE, CITRIC ACID, SODIUM HYALURONATE, CAFFEINE, XANTHAN GUM, 1,2-HEXANEDIOL, CAPRYLYL GLYCOL, DEXTRAN, UBIQUINONE, PANTHENOL, CAPRYLIC\/CAPRIC TRIGLYCERIDE, LECITHIN, MYRISTOYL PENTAPEPTIDE-17, BIOTIN, ACETYL TETRAPEPTIDE-3, TRIFOLIUM PRATENSE FLOWER EXTRACT, BIOTINOYL TRIPEPTIDE-1, TROPOLONE<\/span><\/p>\n<p>&nbsp;<\/p>\n","protected":false},"excerpt":{"rendered":"<p>Visoko u\u010dinkovit hialuronski serum za rast trepalnic in obrvi.<\/p>\n<p>&nbsp;<\/p>\n<div id=\"gtx-trans\" style=\"position: absolute; left: 1px; top: 30px;\">\n<div class=\"gtx-trans-icon\"><\/div>\n<\/div>\n","protected":false},"featured_media":2539,"comment_status":"open","ping_status":"closed","template":"","meta":[],"product_brand":[],"product_cat":[70,34],"product_tag":[110,376,377,375],"class_list":{"0":"post-2536","1":"product","2":"type-product","3":"status-publish","4":"has-post-thumbnail","6":"product_cat-dr-e-voss","7":"product_cat-negovalna-kozmetika","8":"product_tag-hialuronski-gel","9":"product_tag-obrvi","10":"product_tag-serum-za-rast","11":"product_tag-trepalnice","13":"first","14":"instock","15":"taxable","16":"shipping-taxable","17":"purchasable","18":"product-type-variable","19":"has-default-attributes"},"_links":{"self":[{"href":"https:\/\/neguj.se\/trgovina\/wp-json\/wp\/v2\/product\/2536"}],"collection":[{"href":"https:\/\/neguj.se\/trgovina\/wp-json\/wp\/v2\/product"}],"about":[{"href":"https:\/\/neguj.se\/trgovina\/wp-json\/wp\/v2\/types\/product"}],"replies":[{"embeddable":true,"href":"https:\/\/neguj.se\/trgovina\/wp-json\/wp\/v2\/comments?post=2536"}],"wp:featuredmedia":[{"embeddable":true,"href":"https:\/\/neguj.se\/trgovina\/wp-json\/wp\/v2\/media\/2539"}],"wp:attachment":[{"href":"https:\/\/neguj.se\/trgovina\/wp-json\/wp\/v2\/media?parent=2536"}],"wp:term":[{"taxonomy":"product_brand","embeddable":true,"href":"https:\/\/neguj.se\/trgovina\/wp-json\/wp\/v2\/product_brand?post=2536"},{"taxonomy":"product_cat","embeddable":true,"href":"https:\/\/neguj.se\/trgovina\/wp-json\/wp\/v2\/product_cat?post=2536"},{"taxonomy":"product_tag","embeddable":true,"href":"https:\/\/neguj.se\/trgovina\/wp-json\/wp\/v2\/product_tag?post=2536"}],"curies":[{"name":"wp","href":"https:\/\/api.w.org\/{rel}","templated":true}]}}