{"id":2432,"date":"2024-02-11T17:31:19","date_gmt":"2024-02-11T16:31:19","guid":{"rendered":"https:\/\/neguj.se\/trgovina\/?post_type=product&#038;p=2432"},"modified":"2024-10-10T12:14:29","modified_gmt":"2024-10-10T11:14:29","slug":"vitaminska-vodna-maska","status":"publish","type":"product","link":"https:\/\/neguj.se\/trgovina\/izdelek\/vitaminska-vodna-maska\/","title":{"rendered":"Vitaminska vodna maska"},"content":{"rendered":"<h2>Cool Clay Mineral mask<\/h2>\n<h3>Hladilna glinena mineralna maska<\/h3>\n<p>Intenzivna vla\u017eilna formula za \u010dvrsto in mehko ko\u017eo!<br \/>\nDobro negovana in navla\u017eena ko\u017ea je videti bolj sve\u017ea in prijaznej\u0161a. Ta petkratna formula napolni zaloge vode v va\u0161i ko\u017ei in poskrbi za dodaten lifting. 3D membrana bio-celulozne maske se popolnoma prilagodi va\u0161i ko\u017ei in podpira absorpcijo vode, za piko na i va\u0161e nege.<\/p>\n<ul>\n<li>Niacinamid \/ Vitamin B3 &#8211; je ve\u010dnamenski vitamin ko\u017ee. Spodbuja nastajanje kolagena in vsebuje protivnetne lastnosti. Krepi naravno ko\u017eno bariero in ko\u017eo naredi bolj odporno. Uravnava tudi ko\u017eno proizvodnjo sebuma.<\/li>\n<li>Pantenol \/ Vitamin B5 &#8211; vitamin B5 imenovan tudi pantenol, predstavlja klasiko v negovalni kozmetiki. Pomirja ko\u017eo in zagotavlja dolgotrajno vla\u017eenje.<\/li>\n<li>Hialuronska kislina &#8211; je biolo\u0161ki sestavni del na\u0161ega dermisa in skupaj s kolagenom in elastinom zagotavlja, da je ko\u017ea napeta in gladka. Znana je po vla\u017eilnih in &#8216;lifting&#8217; u\u010dinkih.<\/li>\n<li>Morski kolagen &#8211; poleg hialuronske kisline in elastina je kolagen glavna sestavina dermisa. Ko\u017eo ohranja \u010dvrsto in pro\u017eno.<\/li>\n<li>Alantoin &#8211; ta rastlinski izvle\u010dek pomirja in \u0161\u010diti ko\u017eo. Alantoin tudi vla\u017ei in ohranja ko\u017eo elasti\u010dno.<\/li>\n<\/ul>\n<p>&nbsp;<\/p>\n<p><strong>UPORABA:<\/strong><\/p>\n<p>Odstranite bio-celulozno masko iz embala\u017ee. Odstranite belo folijo na eni strani in polo\u017eite to stran na o\u010di\u0161\u010deno ko\u017eo. Nato odstranite modro folijo iz blaga na drugi strani maske. Tu in tam masko prilagodite svoji obliki obraza. Odstranite po 15-20 minutah. Preostali serum ne\u017eno vmasirajte v ko\u017eo, dokler se popolnoma ne vpije (izpiranje ni potrebno). Nadaljujte z vsakodnevno nego obraza kot obi\u010dajno. V podporo va\u0161i rutini nege ko\u017ee je potrebno uporabo maske izvajati tedensko.<\/p>\n<p><strong>Pakiranje:<br \/>\n<\/strong>1 x 25ml<strong><br \/>\n<\/strong><\/p>\n<p><strong>INCI:<\/strong><\/p>\n<p>AQUA, PROPANEDIOL, GLYCERIN, SACCHARIDE ISOMERATE, HYDROLYZED COLLAGEN, NIACINAMIDE, PANTHENOL, SODIUM HYALURONATE, TOCOPHEROL, ALLANTOIN, XANTHAN GUM, o-CYMEN-5-OL, 1,2-HEXANEDIOL<\/p>\n","protected":false},"excerpt":{"rendered":"<p>Cool Clay Mineral mask Hladilna glinena mineralna maska Intenzivna vla\u017eilna formula za \u010dvrsto in mehko ko\u017eo! Dobro negovana in navla\u017eena&#8230;<\/p>\n","protected":false},"featured_media":2434,"comment_status":"closed","ping_status":"closed","template":"","meta":[],"product_brand":[],"product_cat":[70,347],"product_tag":[228,374,373],"class_list":{"0":"post-2432","1":"product","2":"type-product","3":"status-publish","4":"has-post-thumbnail","6":"product_cat-dr-e-voss","7":"product_cat-suha-koza","8":"product_tag-dr-e-voss","9":"product_tag-maska-vlazilna","10":"product_tag-vodna-maska","12":"first","13":"instock","14":"taxable","15":"shipping-taxable","16":"purchasable","17":"product-type-variable"},"_links":{"self":[{"href":"https:\/\/neguj.se\/trgovina\/wp-json\/wp\/v2\/product\/2432"}],"collection":[{"href":"https:\/\/neguj.se\/trgovina\/wp-json\/wp\/v2\/product"}],"about":[{"href":"https:\/\/neguj.se\/trgovina\/wp-json\/wp\/v2\/types\/product"}],"replies":[{"embeddable":true,"href":"https:\/\/neguj.se\/trgovina\/wp-json\/wp\/v2\/comments?post=2432"}],"wp:featuredmedia":[{"embeddable":true,"href":"https:\/\/neguj.se\/trgovina\/wp-json\/wp\/v2\/media\/2434"}],"wp:attachment":[{"href":"https:\/\/neguj.se\/trgovina\/wp-json\/wp\/v2\/media?parent=2432"}],"wp:term":[{"taxonomy":"product_brand","embeddable":true,"href":"https:\/\/neguj.se\/trgovina\/wp-json\/wp\/v2\/product_brand?post=2432"},{"taxonomy":"product_cat","embeddable":true,"href":"https:\/\/neguj.se\/trgovina\/wp-json\/wp\/v2\/product_cat?post=2432"},{"taxonomy":"product_tag","embeddable":true,"href":"https:\/\/neguj.se\/trgovina\/wp-json\/wp\/v2\/product_tag?post=2432"}],"curies":[{"name":"wp","href":"https:\/\/api.w.org\/{rel}","templated":true}]}}