{"id":2429,"date":"2024-02-11T17:20:52","date_gmt":"2024-02-11T16:20:52","guid":{"rendered":"https:\/\/neguj.se\/trgovina\/?post_type=product&#038;p=2429"},"modified":"2024-10-10T12:14:31","modified_gmt":"2024-10-10T11:14:31","slug":"hladilna-glinena-mineralna-maska","status":"publish","type":"product","link":"https:\/\/neguj.se\/trgovina\/izdelek\/hladilna-glinena-mineralna-maska\/","title":{"rendered":"Hladilna glinena mineralna maska"},"content":{"rendered":"<h2>Cool Clay Mineral mask<\/h2>\n<h3>Hladilna glinena mineralna maska<\/h3>\n<p>Hladilna glinena mineralna kremna maska na osnovi LMS izbolj\u0161uje lipidno strukturo ko\u017ee in je posebej primerna za me\u0161ano ko\u017eo. Ko\u017eo u\u010dinkovito navla\u017ei ter zaradi dodatka derivata mentola opazno osve\u017ei in izbolj\u0161a videz por. Ne vsebuje parfumov in konzervansov.<\/p>\n<p>&nbsp;<\/p>\n<p><strong>UPORABA:<\/strong><\/p>\n<p>Masko nanesite na o\u010di\u0161\u010deno ko\u017eo in pustite delovati med 20 in 25 minut. Odstranite s kompreso. Hladilni u\u010dinek traja do dve uri. Priporo\u010damo uporabo enkrat tedensko.<\/p>\n<p><strong>Pakiranje:<br \/>\n<\/strong>50g<strong><br \/>\n<\/strong><\/p>\n<p><strong>INCI:<\/strong><\/p>\n<p>AQUA, KAOLIN, BUTYROSPERMUM PARKII BUTTER, PROPYLHEPTYL CAPRYLATE, ETHANOL, GLYCERIN, PENTYLENEGLYCOL, PROPANEDIOL, 1,2-HEXANEDIOL, MENTHONE GLYCERIN ACETAL, HYDROGENATED PHOSPHATIDYLCHOLIN, CAPRYLIC\/CAPRIC TRIGLYCERIDE, HYDROXYETHYLCELLULOSE, ACRYLATES\/VINYL ISODECANOATE CROSSPOLYMER, SODIUM ACRYLATE \/ SODIUM ACRYLOYLDIMETHYL TAURATE COPOLYMER, CAPRYLHYDROXAMIC ACID, SQUALANE, CERAMIDE NP<\/p>\n","protected":false},"excerpt":{"rendered":"<p>Cool Clay Mineral mask Hladilna glinena mineralna maska Hladilna glinena mineralna kremna maska na osnovi LMS izbolj\u0161uje lipidno strukturo ko\u017ee&#8230;<\/p>\n","protected":false},"featured_media":2431,"comment_status":"closed","ping_status":"closed","template":"","meta":[],"product_brand":[],"product_cat":[70,347],"product_tag":[228,369,370],"class_list":{"0":"post-2429","1":"product","2":"type-product","3":"status-publish","4":"has-post-thumbnail","6":"product_cat-dr-e-voss","7":"product_cat-suha-koza","8":"product_tag-dr-e-voss","9":"product_tag-glina","10":"product_tag-glinena-maska","12":"first","13":"instock","14":"taxable","15":"shipping-taxable","16":"purchasable","17":"product-type-variable"},"_links":{"self":[{"href":"https:\/\/neguj.se\/trgovina\/wp-json\/wp\/v2\/product\/2429"}],"collection":[{"href":"https:\/\/neguj.se\/trgovina\/wp-json\/wp\/v2\/product"}],"about":[{"href":"https:\/\/neguj.se\/trgovina\/wp-json\/wp\/v2\/types\/product"}],"replies":[{"embeddable":true,"href":"https:\/\/neguj.se\/trgovina\/wp-json\/wp\/v2\/comments?post=2429"}],"wp:featuredmedia":[{"embeddable":true,"href":"https:\/\/neguj.se\/trgovina\/wp-json\/wp\/v2\/media\/2431"}],"wp:attachment":[{"href":"https:\/\/neguj.se\/trgovina\/wp-json\/wp\/v2\/media?parent=2429"}],"wp:term":[{"taxonomy":"product_brand","embeddable":true,"href":"https:\/\/neguj.se\/trgovina\/wp-json\/wp\/v2\/product_brand?post=2429"},{"taxonomy":"product_cat","embeddable":true,"href":"https:\/\/neguj.se\/trgovina\/wp-json\/wp\/v2\/product_cat?post=2429"},{"taxonomy":"product_tag","embeddable":true,"href":"https:\/\/neguj.se\/trgovina\/wp-json\/wp\/v2\/product_tag?post=2429"}],"curies":[{"name":"wp","href":"https:\/\/api.w.org\/{rel}","templated":true}]}}