{"id":2394,"date":"2023-12-03T10:48:36","date_gmt":"2023-12-03T09:48:36","guid":{"rendered":"https:\/\/neguj.se\/trgovina\/?post_type=product&#038;p=2394"},"modified":"2023-12-03T12:15:02","modified_gmt":"2023-12-03T11:15:02","slug":"konopljine-kapljice","status":"publish","type":"product","link":"https:\/\/neguj.se\/trgovina\/izdelek\/konopljine-kapljice\/","title":{"rendered":"Konopljine kapljice HARIKA"},"content":{"rendered":"<h2>Konopljine kapljice CBG &amp; CBD<\/h2>\n<h4>Dvig zdravja na vi\u0161ji nivo s kapljicam CBG &amp; CBD<\/h4>\n<div class=\"elementor-element elementor-element-b027f2e elementor-widget elementor-widget-heading\" data-id=\"b027f2e\" data-element_type=\"widget\" data-widget_type=\"heading.default\">\n<div class=\"elementor-widget-container\">\n<h4 class=\"elementor-heading-title elementor-size-default\">PREDNOSTI CBG CBD KAPLJIC<\/h4>\n<\/div>\n<\/div>\n<div class=\"elementor-element elementor-element-f2c5352 elementor-align-left elementor-icon-list--layout-traditional elementor-list-item-link-full_width elementor-widget elementor-widget-icon-list\" data-id=\"f2c5352\" data-element_type=\"widget\" data-widget_type=\"icon-list.default\">\n<div class=\"elementor-widget-container\">\n<ul>\n<li><span class=\"elementor-icon-list-text\">Krepijo imunski sistem<\/span><\/li>\n<li><span class=\"elementor-icon-list-text\">Zmanj\u0161ujejo vnetje in bole\u010dino<\/span><\/li>\n<li><span class=\"elementor-icon-list-text\">Izbolj\u0161ajo kognitivne funkcije<\/span><\/li>\n<li><span class=\"elementor-icon-list-text\">Laj\u0161ajo nespe\u010dnost<\/span><\/li>\n<li><span class=\"elementor-icon-list-text\">Laj\u0161ajo hormonske te\u017eave<\/span><\/li>\n<li><span class=\"elementor-icon-list-text\">Laj\u0161ajo tesnobo<\/span><\/li>\n<li><span class=\"elementor-icon-list-text\">Zmanj\u0161ujejo anksioznost in depresijo<\/span><\/li>\n<li><span class=\"elementor-icon-list-text\">Izbolj\u0161ajo fizi\u010dno po\u010dutje<\/span><\/li>\n<\/ul>\n<\/div>\n<\/div>\n<p>&nbsp;<\/p>\n<p><strong>UPORABA:<\/strong><\/p>\n<p>Priporo\u010deno dnevno koli\u010dino kapljic kapnite pod jezik in po\u010dasi raztopite v ustih. Odrasli naj pri\u010dnejo z za\u010detnim odmerkom 2 kapljici v dopoldanskem \u010dasu. Tretji dan lahko odmerek pove\u010date in ga pove\u010dujete postopoma do \u017eelenega u\u010dinka. Najve\u010dji odmerek je 12 kapljic na dan.<\/p>\n<div class=\"elementor-element elementor-element-3a24afa elementor-widget elementor-widget-heading\" data-id=\"3a24afa\" data-element_type=\"widget\" data-widget_type=\"heading.default\">\n<div class=\"elementor-widget-container\">\n<p class=\"elementor-heading-title elementor-size-default\"><strong>CBG CBD kapljice so prehransko dopolnilo<\/strong>, ki so primerne za krepitev imunskega sistema, uravnavanja ravnovesja v telesu, podpora pri blago izra\u017eenih vnetjih, bole\u010dini, nespe\u0161nosti, hormonskih neravnovesjih, tesnobi, demenci in ob\u010dutku pomankanja energije. Harika kapljice so primerne tudi za \u0161port, saj ne vsebujejo THCja, pove\u010dajo fokus in fizi\u010dno pripravljenost.<\/p>\n<p>&nbsp;<\/p>\n<\/div>\n<\/div>\n<div class=\"elementor-element elementor-element-db1792f elementor-widget elementor-widget-heading\" data-id=\"db1792f\" data-element_type=\"widget\" data-widget_type=\"heading.default\">\n<div class=\"elementor-widget-container\">\n<p class=\"elementor-heading-title elementor-size-default\">10 ml olja vsebuje 500 mg (5%) CBG in 200 mg (2%) CBD, razred\u010deno v MCT kokosovem olju.<br \/>\nVsebnost THC je 0%.<\/p>\n<p class=\"elementor-heading-title elementor-size-default\">1 stekleni\u010dka vsebuje pribli\u017eno 500 kapljic olja. V eni kapljici olja je cca. 1 mg CBG-ja in 0,4 mg CBD-ja.<\/p>\n<\/div>\n<\/div>\n<p>&nbsp;<\/p>\n<div class=\"elementor-element elementor-element-1e2f542 elementor-widget elementor-widget-heading\" data-id=\"1e2f542\" data-element_type=\"widget\" data-widget_type=\"heading.default\">\n<div class=\"elementor-widget-container\">\n<p class=\"elementor-heading-title elementor-size-default\"><strong>OPOZORILA:<\/strong><\/p>\n<\/div>\n<\/div>\n<div class=\"elementor-element elementor-element-cdf0525 elementor-widget elementor-widget-heading\" data-id=\"cdf0525\" data-element_type=\"widget\" data-widget_type=\"heading.default\">\n<div class=\"elementor-widget-container\">\n<p class=\"elementor-heading-title elementor-size-default\">Priporo\u010denega odmerka se ne sme prekora\u010diti. U\u017eivanje \u017eivila je priporo\u010deno v okviru raznolike in uravnote\u017eene prehrane ter zdravega na\u010dina \u017eivljenja. Prehransko dopolnilo ni nadomestilo za uravnote\u017eeno in raznovrstno prehrano. Shranjevati nedosegljivo otrokom. Uporabo odsvetujemo nose\u010dnicam in doje\u010dim materam. Izdelek hranite v suhem in hladnem prostoru, na temperaturi do 25 stopinj celzija. Po uporabi dobro zaprite stekleni\u010dko.<\/p>\n<\/div>\n<\/div>\n<p>&nbsp;<\/p>\n<p><strong>INCI:<\/strong><\/p>\n<p>MCT oil, Cannabis Sativa Extract, 500mg cannabigerol, 200mg cannabidiol.<\/p>\n<p>&nbsp;<\/p>\n<p><strong>LABORATORIJSKO TESTIRANO: <\/strong><br \/>\nPovezava do certifikata<a href=\"https:\/\/neguj.se\/trgovina\/wp-content\/uploads\/2023\/12\/Harika-kapljice-certifikat.pdf\"><strong> TUKAJ<\/strong><\/a><\/p>\n","protected":false},"excerpt":{"rendered":"<p>100% naravno Harika CBG CBD olje polnega spektra je izdelano iz izvle\u010dka konoplje. Izdelek vsebuje visoko koncentracijo CBG in CBD, ter \u0161irok nabor ostalih kanabinoidov in bioaktivnih snovi, ki ustvarjajo \u00bbsinergijo delovanja\u00ab.<br \/>\n<strong>Pridelano v Sloveniji!<\/strong><\/p>\n","protected":false},"featured_media":2399,"comment_status":"closed","ping_status":"closed","template":"","meta":[],"product_brand":[],"product_cat":[43],"product_tag":[360,358,359,357],"class_list":{"0":"post-2394","1":"product","2":"type-product","3":"status-publish","4":"has-post-thumbnail","6":"product_cat-ostalo","7":"product_tag-brez-gso","8":"product_tag-cbd-kapljice","9":"product_tag-cbg-kapljice","10":"product_tag-konopljine-kapljice","12":"first","13":"instock","14":"sale","15":"taxable","16":"shipping-taxable","17":"purchasable","18":"product-type-variable","19":"has-default-attributes"},"_links":{"self":[{"href":"https:\/\/neguj.se\/trgovina\/wp-json\/wp\/v2\/product\/2394"}],"collection":[{"href":"https:\/\/neguj.se\/trgovina\/wp-json\/wp\/v2\/product"}],"about":[{"href":"https:\/\/neguj.se\/trgovina\/wp-json\/wp\/v2\/types\/product"}],"replies":[{"embeddable":true,"href":"https:\/\/neguj.se\/trgovina\/wp-json\/wp\/v2\/comments?post=2394"}],"wp:featuredmedia":[{"embeddable":true,"href":"https:\/\/neguj.se\/trgovina\/wp-json\/wp\/v2\/media\/2399"}],"wp:attachment":[{"href":"https:\/\/neguj.se\/trgovina\/wp-json\/wp\/v2\/media?parent=2394"}],"wp:term":[{"taxonomy":"product_brand","embeddable":true,"href":"https:\/\/neguj.se\/trgovina\/wp-json\/wp\/v2\/product_brand?post=2394"},{"taxonomy":"product_cat","embeddable":true,"href":"https:\/\/neguj.se\/trgovina\/wp-json\/wp\/v2\/product_cat?post=2394"},{"taxonomy":"product_tag","embeddable":true,"href":"https:\/\/neguj.se\/trgovina\/wp-json\/wp\/v2\/product_tag?post=2394"}],"curies":[{"name":"wp","href":"https:\/\/api.w.org\/{rel}","templated":true}]}}