{"id":1363,"date":"2020-04-12T15:05:38","date_gmt":"2020-04-12T14:05:38","guid":{"rendered":"https:\/\/neguj.se\/trgovina\/?post_type=product&#038;p=1363"},"modified":"2024-09-18T19:56:29","modified_gmt":"2024-09-18T18:56:29","slug":"nocna-krema-za-normalno-in-mesano-kozo","status":"publish","type":"product","link":"https:\/\/neguj.se\/trgovina\/izdelek\/nocna-krema-za-normalno-in-mesano-kozo\/","title":{"rendered":"No\u010dna krema za normalno in me\u0161ano ko\u017eo"},"content":{"rendered":"<div class=\"short-description\">\n<h2 class=\"product-title\">LIA C 6 Night Cream Elegance<\/h2>\n<h3>dr. E. Voss no\u010dna krema za normalno in me\u0161ano ko\u017eo<\/h3>\n<p><b>OPIS<\/b><\/p>\n<p>Za normalno in me\u0161ano ko\u017eo. Po svoji sestavi je zelo podobna no\u010dni kremi LIA C 6\u00ae Night Cream, vendar je zaradi ni\u017ejih koncentracij LMS in lipidov la\u017eja. Za spodbujanje no\u010dnih procesov <a href=\"https:\/\/www.drvoss.si\/si\/izdelki\/lia-c6-kreme\/\" target=\"_blank\" rel=\"noopener\">obnavljanja ko\u017ee<\/a> poskrbi odli\u010dna aktivna u\u010dinkovina, ekstrahirana iz morskega jane\u017ea (aroleat samphira), ki deluje kot retinol (vitamin A), vendar brez negativnega u\u010dinka iritacije ko\u017ee. Vsebuje kozmeti\u010dno aktivne sestavine za glajenje gub, kot sta \u00bbMatrixyl\u00ae\u00ab, ki pospe\u0161uje nastanek novega kolagena, in \u00bbIdealift\u00ab, ki pospe\u0161uje nastanek novega elastina. Za bolj\u0161i in hitrej\u0161i rezultat pred nanosom no\u010dne kreme nanesite hialuronski gel <a href=\"https:\/\/neguj.se\/trgovina\/izdelek\/gel-za-glajenje-gub-polnejsi-obraz\/\">HYA 4 Deep<\/a> Lift Q10 ali <a href=\"https:\/\/neguj.se\/trgovina\/izdelek\/gel-za-glajenje-gub-polnejsi-obraz\/\">HYA 4 Revicell<\/a>. Ne vsebuje di\u0161av.<\/p>\n<\/div>\n<p><b>SESTAVINE<\/b><\/p>\n<p>AQUA, CAPRYLIC\/CAPRIC TRIGLYCERIDE, BUTYROSPERMUM PARKII BUTTER, GLYCERIN, PROPYLHEPTYL CAPRYLATE, BUTYLENE GLYCOL, HYDROGENATED PHOSPHATIDYLCHOLINE, PENTYLENE GLYCOL, PROPANEDIOL, BIS-ETHYLHEXYL HYDROXYDIMETHOXY BENZYLMALONATE, TOCOPHERYLACETATE, 1,2-HEXANEDIOL, PARFUM, ACRYLATES\/VINYL ISODECANOATE CROSSPOLYMER, SQUALANE, SODIUM ACRYLATE \/ SODIUM ACRYLOYLDIMETHYL TAURATE COPOLYMER, HYDROGENATED VEGETABLE OIL, CAPRYLHYDROXAMIC ACID, LINALOOL, LIMONENE, HYDROXYETHYLCELLULOSE, CRITHMUM MARITIMUM EXTRACT, CARBOMER, CERAMIDE NP, ACETYL DIPEPTIDE-1 CETYL ESTER, CITRONELLOL, GERANIOL, PALMITOYL TRIPEPTIDE-1, PALMITOYL TETRAPEPTIDE-7<\/p>\n","protected":false},"excerpt":{"rendered":"<p>LIA C 6 Night Cream Elegance dr. E. Voss no\u010dna krema za normalno in me\u0161ano ko\u017eo OPIS Za normalno in&#8230;<\/p>\n","protected":false},"featured_media":1364,"comment_status":"open","ping_status":"closed","template":"","meta":[],"product_brand":[],"product_cat":[70],"product_tag":[228,230,152,231],"class_list":{"0":"post-1363","1":"product","2":"type-product","3":"status-publish","4":"has-post-thumbnail","6":"product_cat-dr-e-voss","7":"product_tag-dr-e-voss","8":"product_tag-mesana-koza","9":"product_tag-nocna-krema","10":"product_tag-normalna-koza","12":"first","13":"instock","14":"taxable","15":"shipping-taxable","16":"purchasable","17":"product-type-variable"},"_links":{"self":[{"href":"https:\/\/neguj.se\/trgovina\/wp-json\/wp\/v2\/product\/1363"}],"collection":[{"href":"https:\/\/neguj.se\/trgovina\/wp-json\/wp\/v2\/product"}],"about":[{"href":"https:\/\/neguj.se\/trgovina\/wp-json\/wp\/v2\/types\/product"}],"replies":[{"embeddable":true,"href":"https:\/\/neguj.se\/trgovina\/wp-json\/wp\/v2\/comments?post=1363"}],"wp:featuredmedia":[{"embeddable":true,"href":"https:\/\/neguj.se\/trgovina\/wp-json\/wp\/v2\/media\/1364"}],"wp:attachment":[{"href":"https:\/\/neguj.se\/trgovina\/wp-json\/wp\/v2\/media?parent=1363"}],"wp:term":[{"taxonomy":"product_brand","embeddable":true,"href":"https:\/\/neguj.se\/trgovina\/wp-json\/wp\/v2\/product_brand?post=1363"},{"taxonomy":"product_cat","embeddable":true,"href":"https:\/\/neguj.se\/trgovina\/wp-json\/wp\/v2\/product_cat?post=1363"},{"taxonomy":"product_tag","embeddable":true,"href":"https:\/\/neguj.se\/trgovina\/wp-json\/wp\/v2\/product_tag?post=1363"}],"curies":[{"name":"wp","href":"https:\/\/api.w.org\/{rel}","templated":true}]}}