{"id":1012,"date":"2020-03-29T13:34:39","date_gmt":"2020-03-29T12:34:39","guid":{"rendered":"https:\/\/neguj.se\/trgovina\/?post_type=product&#038;p=1012"},"modified":"2022-09-03T16:09:50","modified_gmt":"2022-09-03T15:09:50","slug":"gel-proti-rdecici-in-srbecici","status":"publish","type":"product","link":"https:\/\/neguj.se\/trgovina\/izdelek\/gel-proti-rdecici-in-srbecici\/","title":{"rendered":"Gel proti rde\u010dici in srbe\u010dici"},"content":{"rendered":"<div id=\"tab-0-2457\" class=\"tab-pane fade active in\">\n<div class=\"product-description\">\n<h2>Hyaderm N<\/h2>\n<h3>Gel proti rde\u010dici in srbe\u010dici<\/h3>\n<p>&nbsp;<\/p>\n<p><strong>OPIS<\/strong><\/p>\n<p>Hyaderm N zmanj\u0161uje iritacijo ko\u017ee, ki nastane kot posledica alergijskih reakcij ko\u017ee (rde\u010dica, srbe\u010dica in peko\u010da bole\u010dina) ter prispeva k ponovni vzpostavitvi intaktne epidermalne bariere ko\u017ee. Nanesite izdatno koli\u010dino gela. Postopek aplikacije\/nanosa gela ponovite po nekaj minutah (\u010de je to mogo\u010de), omenjeni simptomi bodo hitro izzveneli.<\/p>\n<p>Pozor: simptomati\u010dna uporaba ne zdravi vzrokov! Prizadeti predel je najprimerneje za\u0161\u010dititi \u0161e s kremo LIA C 6\u00ae. Kozmeti\u010dna formulacija ne vsebuje barvil in emulgatorjev in je primerna tudi za osebe, ki imajo <a href=\"https:\/\/www.pulmolog.com\/prepoznajte_alergijo\" target=\"_blank\" rel=\"noopener\">alergijo<\/a> na konzervanse.<\/p>\n<p><strong>SESTAVINE<\/strong><\/p>\n<p>AQUA, PENTYLENE GLYCOL, MORINGA OLEIFERA SEED OIL, DIPROPYLENE GLYCOL, SODIUM HYALURONATE, BUTYLENE GLYCOL, ALCOHOL, 4-T-BUTYLCYCLOHEXANOL, PROPANEDIOL, 1,2 HEXANEDIOL, ACRYLATES\/VINYL ISODECANOATE CROSSPOLYMER, MADECASSOSIDE, BOSWELLIA SERRATA GUM, TROXERUTIN, MORINGA OIL\/HY- DROGENATED MORINGA OIL ESTERS, STEARYL GLYCYRRHETINATE, HYDROXYPHENYL PROPAMIDOBENZOIC ACID, CARDIOSPERMUM HALICACABUM FLOWER\/LEAF\/VINE EXTRACT, CAPRYLHYDROXAMIC ACID, SODIUM CARBOXY- METHYL BETAGLUCAN, DEXTRAN, PALM ITOYL TRI PEPTIDE-8, TOCOPHEROL, ASCORBYL PALMITATE, LIMONENE<\/p>\n<p><strong>UPPORABA<\/strong><\/p>\n<p>Gel proti rde\u010dici je namenjen bla\u017eenju manj\u0161ih bole\u010dih po\u0161kodb (odrgnine, piki insektov, opekline) in izbolj\u0161anju stanja okvarjene ko\u017ene bariere (nevrodermitis, atopi\u010dni ekcem). Ko\u017eo nemudoma pomiri. \u0160tevilne kozmeti\u010dno aktivne sestavine s sinergisti\u010dnim delovanjem in razli\u010dnimi mehanizmi delovanja pripomorejo k izbolj\u0161anju stanja ko\u017ee in ponovni vzpostavitvi intaktne epidermalne bariere.<\/p>\n<p>Pri <a href=\"https:\/\/neguj.se\/trgovina\/izdelek\/pomirjevalna-krema\/\">kroni\u010dno suhi, srbe\u010di ko\u017ei<\/a>, priporo\u010damo so\u010dasno uporabo Hyaderm N in kreme LIA, ki pripomoreta k obnovitvi okvarjene lipidne bariere epidermisa. Odli\u010dne rezultate smo zabele\u017eili tudi pri dojen\u010dkih z nevrodermitisom, ki so po nanosu kreme lahko ponovno mirno spali. Krema je primerna za nego ko\u017ee po razli\u010dnih kozmeti\u010dno\/dermatolo\u0161kih postopkih: IPL terapija, laser, depilacija. Po potrebi na za\u010detku nanesite ve\u010dkrat, 1 &#8211; 2 minuti kasneje nanesite \u0161e ustrezno kremo LIA C 6\u00ae ( priporo\u010damo : pomirjevalno kremo LIA C 6\u00ae).<\/p>\n<\/div>\n<\/div>\n","protected":false},"excerpt":{"rendered":"<p>Visoko u\u010dinkovit kremni gel HYA, ki zmanj\u0161uje iritacijo ko\u017ee (rde\u010dica, srbe\u010dica in peko\u010da bole\u010dina) ter stimulira njeno obnovo.<\/p>\n<p>Brez barvil, di\u0161av in konzervansov.<\/p>\n","protected":false},"featured_media":1013,"comment_status":"open","ping_status":"closed","template":"","meta":[],"product_brand":[],"product_cat":[70,34],"product_tag":[125,126,124,123,121,122],"class_list":{"0":"post-1012","1":"product","2":"type-product","3":"status-publish","4":"has-post-thumbnail","6":"product_cat-dr-e-voss","7":"product_cat-negovalna-kozmetika","8":"product_tag-gel-proti-rdecici","9":"product_tag-gel-proti-srbecici","10":"product_tag-pekoca-bolecina","11":"product_tag-pekoca-koza","12":"product_tag-rdecica","13":"product_tag-srbecica","15":"first","16":"instock","17":"taxable","18":"shipping-taxable","19":"purchasable","20":"product-type-variable"},"_links":{"self":[{"href":"https:\/\/neguj.se\/trgovina\/wp-json\/wp\/v2\/product\/1012"}],"collection":[{"href":"https:\/\/neguj.se\/trgovina\/wp-json\/wp\/v2\/product"}],"about":[{"href":"https:\/\/neguj.se\/trgovina\/wp-json\/wp\/v2\/types\/product"}],"replies":[{"embeddable":true,"href":"https:\/\/neguj.se\/trgovina\/wp-json\/wp\/v2\/comments?post=1012"}],"wp:featuredmedia":[{"embeddable":true,"href":"https:\/\/neguj.se\/trgovina\/wp-json\/wp\/v2\/media\/1013"}],"wp:attachment":[{"href":"https:\/\/neguj.se\/trgovina\/wp-json\/wp\/v2\/media?parent=1012"}],"wp:term":[{"taxonomy":"product_brand","embeddable":true,"href":"https:\/\/neguj.se\/trgovina\/wp-json\/wp\/v2\/product_brand?post=1012"},{"taxonomy":"product_cat","embeddable":true,"href":"https:\/\/neguj.se\/trgovina\/wp-json\/wp\/v2\/product_cat?post=1012"},{"taxonomy":"product_tag","embeddable":true,"href":"https:\/\/neguj.se\/trgovina\/wp-json\/wp\/v2\/product_tag?post=1012"}],"curies":[{"name":"wp","href":"https:\/\/api.w.org\/{rel}","templated":true}]}}