{"id":1008,"date":"2020-03-29T13:27:29","date_gmt":"2020-03-29T12:27:29","guid":{"rendered":"https:\/\/neguj.se\/trgovina\/?post_type=product&#038;p=1008"},"modified":"2024-09-04T19:51:46","modified_gmt":"2024-09-04T18:51:46","slug":"hialuronski-gel-proti-gubam","status":"publish","type":"product","link":"https:\/\/neguj.se\/trgovina\/izdelek\/hialuronski-gel-proti-gubam\/","title":{"rendered":"Hialuronski gel proti gubam med 35. in 50. letom"},"content":{"rendered":"<div id=\"t3-content\" class=\"t3-content col-xs-12 col-sm-12\">\n<div id=\"com_virtuemart\">\n<div class=\"productdetails-view productdetails productdetails-default product-container\">\n<div class=\"product_tabs\">\n<div id=\"bootstrap_tabs_content_2449\" class=\"tab-content\">\n<div id=\"tab-0-2449\" class=\"tab-pane fade active in\">\n<div class=\"product-description\">\n<h2><strong>HYA 4 Deep Lift Q10<br \/>\n<\/strong><\/h2>\n<h3>Hialuronski gel proti gubam<\/h3>\n<p><strong>OPIS<\/strong><\/p>\n<p>Kozmeti\u010dno aktivne sestavine prodrejo globje v ko\u017eo zaradi \u0161tirih hialuronskih frakcij, ki imajo izrazito nosilno funkcijo, \u0161e posebno kratkoveri\u017ena hialuronska kislina. Na gradnjo kolagenskih vlaken, ki dajejo oporo in trdnost dermisu, delujeta dva tipa kolagenskega boosterja, ki jih uvr\u0161\u010damo v skupino signalnih peptidov, dva tipa polisaharidov in \u0161e dodaten signalni peptid za spodbujanje sinteze elastina. Brez opore in strukturiranosti je namre\u010d tudi najbolj\u0161a hialuronska konstrukcija nemo\u010dna. Dva botoksu podobna signalna peptida sta namenjena hitremu glajenju gub prek spro\u0161\u010danja mi\u0161ic.Pomemben uspeh smo dosegli z dodatkom posebnega koncentrata planike, proizvedenega s pomo\u010djo dolgotrajne tehnologije izolacije mati\u010dnih celic. Nanj se izjemno dobro odzivajo gube na vratu. Izdelek odlikuje <a href=\"https:\/\/neguj.se\/trgovina\/izdelek\/night-intervention-complex\/\">visoka koncentracija antioksidanta<\/a> koencima Q10, ki vzpodbuja presnovo v mitohondrijih, u\u010dinkovit dostavni sistem pa predstavljajo liposomi.<\/p>\n<p><strong>SESTAVINE<\/strong><\/p>\n<p>AQUA, GLYCERIN, BUTYLEN GLYCOL, SODIUM HYALURONATE, PENTYLENEGLYCOL, PROPANEDIOL, L-PROLIN, MADECASSOSIDE, CALCIUM KETOGLUCONAT, 1,2-HEXANEDIOL, LEONTOPODIUM ALPINUM CALLUS CULTURE, UBIQUINONE, CAPRYLHYDROXAMIC ACID, SODIUM CARBOXYMETHYL BETAGLUCAN, BIOSACCHARIDE GUM- 1, CAPRYLYL GLYCOL, CAPRYLIC\/CAPRIC TRIGLYCERIDES, LECITHIN, ACETYL DIPEPTIDE-1 CETYL ESTER, SODIUM LEVULINATE, CARBOMER, DIPEPTIDE DIAMINOBUTYROYL BENZYLAMIDE DIACETATE, XANTHAN GUM, SODIUM ANISATE, ACETYLH EXAPE PTI DE, PALMITOYL TRI PEPTIDE-1, PALMITOYL TETRAPEPTIDE-7, GLYCERYL CAPRYLATE<\/p>\n<p><strong>UPPORABA<\/strong><\/p>\n<p>Intenzivno <a href=\"https:\/\/www.drvoss.si\/si\/izdelki\/\" target=\"_blank\" rel=\"noopener\">zmanj\u0161evanje gub<\/a> med 30. in 35. letom starosti. Izbolj\u0161ana u\u010dinkovitost delovanja kozmeti\u010dnega izdelka je zagotovljena s so\u010dasno uporabo kreme LIA C 6\u00ae. Na mesta, kjer je izra\u017eena ko\u017ena problematika najprej nanesite majhno koli\u010dino bogatega gela HYA, 1 minuto zatem pa \u0161e ustrezno kremo LIA C 6\u00ae.<\/p>\n<\/div>\n<p>&nbsp;<\/p>\n<\/div>\n<\/div>\n<\/div>\n<\/div>\n<\/div>\n<\/div>\n","protected":false},"excerpt":{"rendered":"<p>Za izrazito odpravljanje gub med 30. in 50. letom starosti. Visoko u\u010dinkovit hialuronski gel proti gubam z 9 razli\u010dnimi kozmeti\u010dnimi sestavinami.<\/p>\n<p>Primeren za vse tipe ko\u017e.<\/p>\n","protected":false},"featured_media":1009,"comment_status":"open","ping_status":"closed","template":"","meta":[],"product_brand":[],"product_cat":[70,34],"product_tag":[120,118,119],"class_list":{"0":"post-1008","1":"product","2":"type-product","3":"status-publish","4":"has-post-thumbnail","6":"product_cat-dr-e-voss","7":"product_cat-negovalna-kozmetika","8":"product_tag-gubice","9":"product_tag-hialuronski-gel-proti-gubam","10":"product_tag-hialuronski-gel-proti-gubicam","12":"first","13":"instock","14":"taxable","15":"shipping-taxable","16":"purchasable","17":"product-type-variable"},"_links":{"self":[{"href":"https:\/\/neguj.se\/trgovina\/wp-json\/wp\/v2\/product\/1008"}],"collection":[{"href":"https:\/\/neguj.se\/trgovina\/wp-json\/wp\/v2\/product"}],"about":[{"href":"https:\/\/neguj.se\/trgovina\/wp-json\/wp\/v2\/types\/product"}],"replies":[{"embeddable":true,"href":"https:\/\/neguj.se\/trgovina\/wp-json\/wp\/v2\/comments?post=1008"}],"wp:featuredmedia":[{"embeddable":true,"href":"https:\/\/neguj.se\/trgovina\/wp-json\/wp\/v2\/media\/1009"}],"wp:attachment":[{"href":"https:\/\/neguj.se\/trgovina\/wp-json\/wp\/v2\/media?parent=1008"}],"wp:term":[{"taxonomy":"product_brand","embeddable":true,"href":"https:\/\/neguj.se\/trgovina\/wp-json\/wp\/v2\/product_brand?post=1008"},{"taxonomy":"product_cat","embeddable":true,"href":"https:\/\/neguj.se\/trgovina\/wp-json\/wp\/v2\/product_cat?post=1008"},{"taxonomy":"product_tag","embeddable":true,"href":"https:\/\/neguj.se\/trgovina\/wp-json\/wp\/v2\/product_tag?post=1008"}],"curies":[{"name":"wp","href":"https:\/\/api.w.org\/{rel}","templated":true}]}}